e the remainder when 191598 is divided by 70.
8
What is the remainder when 7838 is divided by 3911?
16
What is the remainder when 133150 is divided by 146?
144
What is the remainder when 15825 is divided by 2063?
1384
Calculate the remainder when 11815 is divided by 2902.
207
Calculate the remainder when 41808 is divided by 20.
8
Calculate the remainder when 1505 is divided by 726.
53
What is the remainder when 1165 is divided by 109?
75
Calculate the remainder when 2115 is divided by 430.
395
Calculate the remainder when 13098 is divided by 1015.
918
Calculate the remainder when 31974 is divided by 164.
158
Calculate the remainder when 1723066 is divided by 664.
650
Calculate the remainder when 3489 is divided by 859.
53
Calculate the remainder when 5128 is divided by 59.
54
Calculate the remainder when 8352 is divided by 8345.
7
Calculate the remainder when 27379 is divided by 13682.
15
Calculate the remainder when 26563 is divided by 19.
1
What is the remainder when 1446 is divided by 144?
6
What is the remainder when 495575 is divided by 20?
15
What is the remainder when 5731 is divided by 523?
501
What is the remainder when 326493 is divided by 456?
453
Calculate the remainder when 45957 is divided by 15303.
48
Calculate the remainder when 155050 is divided by 236.
234
What is the remainder when 21702 is divided by 157?
36
Calculate the remainder when 75775 is divided by 587.
52
What is the remainder when 434267 is divided by 27?
26
What is the remainder when 9183 is divided by 3705?
1773
What is the remainder when 451396 is divided by 150462?
10
What is the remainder when 2350 is divided by 940?
470
What is the remainder when 3559 is divided by 973?
640
What is the remainder when 80030 is divided by 15997?
45
Calculate the remainder when 1117194 is divided by 1050.
1044
What is the remainder when 311015 is divided by 24?
23
What is the remainder when 12983 is divided by 4227?
302
What is the remainder when 22637 is divided by 2515?
2
What is the remainder when 525 is divided by 166?
27
What is the remainder when 16696 is divided by 6?
4
What is the remainder when 2350 is divided by 478?
438
What is the remainder when 9435 is divided by 9395?
40
What is the remainder when 6575823 is divided by 41?
38
What is the remainder when 2726 is divided by 197?
165
Calculate the remainder when 287945 is divided by 1047.
20
What is the remainder when 30793 is divided by 36?
13
What is the remainder when 72260 is divided by 260?
240
What is the remainder when 119285 is divided by 151?
146
What is the remainder when 66758 is divided by 8?
6
What is the remainder when 9380 is divided by 17?
13
What is the remainder when 75821 is divided by 337?
333
Calculate the remainder when 198166 is divided by 8.
6
Calculate the remainder when 4297 is divided by 50.
47
Calculate the remainder when 11976 is divided by 1.
0
What is the remainder when 4515 is divided by 565?
560
Calculate the remainder when 382408 is divided by 478.
8
Calculate the remainder when 2537 is divided by 159.
152
Calculate the remainder when 18485 is divided by 86.
81
What is the remainder when 76791 is divided by 244?
175
Calculate the remainder when 104671 is divided by 34882.
25
Calculate the remainder when 2805 is divided by 1026.
753
Calculate the remainder when 2833 is divided by 931.
40
Calculate the remainder when 7911 is divided by 528.
519
What is the remainder when 2595 is divided by 280?
75
What is the remainder when 7135 is divided by 359?
314
What is the remainder when 408933 is divided by 92?
85
Calculate the remainder when 216144 is divided by 661.
658
Calculate the remainder when 22404 is divided by 5587.
56
Calculate the remainder when 3969 is divided by 1118.
615
What is the remainder when 178435 is divided by 13?
10
What is the remainder when 71377 is divided by 13?
7
What is the remainder when 111438 is divided by 11142?
18
Calculate the remainder when 163167 is divided by 40776.
63
Calculate the remainder when 1455 is divided by 98.
83
Calculate the remainder when 2593 is divided by 200.
193
Calculate the remainder when 42314 is divided by 3846.
8
What is the remainder when 761183 is divided by 10?
3
Calculate the remainder when 712 is divided by 186.
154
Calculate the remainder when 18716 is divided by 750.
716
What is the remainder when 13936 is divided by 12686?
1250
What is the remainder when 607 is divided by 276?
55
Calculate the remainder when 679 is divided by 555.
124
Calculate the remainder when 1234455 is divided by 92.
91
What is the remainder when 76582 is divided by 38223?
136
Calculate the remainder when 81270 is divided by 110.
90
What is the remainder when 121890 is divided by 121877?
13
Calculate the remainder when 79741 is divided by 205.
201
Calculate the remainder when 4895 is divided by 223.
212
Calculate the remainder when 7618 is divided by 31.
23
What is the remainder when 138874 is divided by 496?
490
Calculate the remainder when 17198 is divided by 3150.
1448
What is the remainder when 1861 is divided by 188?
169
What is the remainder when 28020 is divided by 3979?
167
What is the remainder when 7273 is divided by 512?
105
What is the remainder when 16501 is divided by 62?
9
Calculate the remainder when 579 is divided by 110.
29
What is the remainder when 16323 is divided by 3264?
3
Calculate the remainder when 106442 is divided by 53199.
44
What is the remainder when 2426 is divided by 94?
76
What is the remainder when 1918 is divided by 317?
16
What is the remainder when 9219 is divided by 98?
7
What is the remainder when 24991 is divided by 555?
16
Calculate the remainder when 9722 is divided by 10.
2
What is the remainder when 11162 is divided by 114?
104
What is the remainder when 503358 is divided by 10?
8
Calculate the remainder when 844388 is divided by 10.
8
Calculate the remainder when 654 is divided by 647.
7
Calculate the remainder when 47251 is divided by 696.
619
What is the remainder when 4921 is divided by 2450?
21
Calculate the remainder when 272686 is divided by 138.
136
Calculate the remainder when 325302 is divided by 148.
146
What is the remainder when 3648039 is divided by 8?
7
What is the remainder when 762 is divided by 70?
62
Calculate the remainder when 841263 is divided by 75.
63
Calculate the remainder when 1082 is divided by 84.
74
Calculate the remainder when 70803 is divided by 414.
9
Calculate the remainder when 41366 is divided by 161.
150
Calculate the remainder when 233094 is divided by 116539.
16
What is the remainder when 13181 is divided by 26?
25
What is the remainder when 897 is divided by 814?
83
Calculate the remainder when 12534 is divided by 132.
126
Calculate the remainder when 26754 is divided by 637.
0
What is the remainder when 1373 is divided by 156?
125
What is the remainder when 1040 is divided by 2?
0
Calculate the remainder when 119955 is divided by 52.
43
Calculate the remainder when 13412 is divided by 21.
14
What is the remainder when 11660 is divided by 11634?
26
Calculate the remainder when 81759 is divided by 5.
4
Calculate the remainder when 229198 is divided by 29.
11
Calculate the remainder when 5854 is divided by 1939.
37
Calculate the remainder when 964866 is divided by 16.
2
Calculate the remainder when 37977 is divided by 20.
17
Calculate the remainder when 15439 is divided by 644.
627
Calculate the remainder when 5183 is divided by 12.
11
Calculate the remainder when 1357 is divided by 92.
69
What is the remainder when 103847 is divided by 335?
332
Calculate the remainder when 4696 is divided by 859.
401
Calculate the remainder when 565 is divided by 130.
45
What is the remainder when 47903 is divided by 460?
63
What is the remainder when 555 is divided by 464?
91
What is the remainder when 7897 is divided by 1578?
7
What is the remainder when 3655702 is divided by 13?
11
Calculate the remainder when 2218672 is divided by 29.
27
Calculate the remainder when 70089 is divided by 133.
131
Calculate the remainder when 818 is divided by 535.
283
What is the remainder when 134989 is divided by 216?
205
What is the remainder when 665 is divided by 74?
73
What is the remainder when 4823 is divided by 26?
13
What is the remainder when 338 is divided by 19?
15
Calculate the remainde